{"id":2695,"date":"2020-03-06T14:10:44","date_gmt":"2020-03-06T14:10:44","guid":{"rendered":"https:\/\/dotacionesrico.com\/?post_type=product&#038;p=2695"},"modified":"2025-08-23T21:12:16","modified_gmt":"2025-08-23T21:12:16","slug":"tapaboca-n95-moldex-4200","status":"publish","type":"product","link":"https:\/\/dotacionesrico.com\/?product=tapaboca-n95-moldex-4200","title":{"rendered":"Tapaboca N95 Moldex 4200"},"content":{"rendered":"","protected":false},"excerpt":{"rendered":"<ul>\n<li>Exclusivo Dise\u00f1o de ondas para una c\u00f3moda respiraci\u00f3n<\/li>\n<li>Menor resistencia al aire, mejor respirabilidad*<\/li>\n<li>Interior fresco \u2014 Sin v\u00e1lvula<\/li>\n<li>Comodidad FlexFit<sup>\u00ae<\/sup>con pliegues ondulados que se mueven contigo<\/li>\n<li>Ideal para lugares donde se prefieran respiradores sin v\u00e1lvula<\/li>\n<li>Costo Menor al de los respiradores con v\u00e1lvula<\/li>\n<li>La malla pl\u00e1stica Dura-Mesh<sup>\u00ae<\/sup>le agrega mayor durabilidad<\/li>\n<li>Uso prolongado que se traduce en menor costo.<\/li>\n<li>Cumple con est\u00e1ndares de resistencia a la flama de acuerdo con ANSI\/ISEA 110-2003 Secci\u00f3n 7.11.1<\/li>\n<\/ul>\n","protected":false},"featured_media":2696,"comment_status":"open","ping_status":"closed","template":"","meta":[],"product_brand":[],"product_cat":[263],"product_tag":[],"class_list":{"0":"post-2695","1":"product","2":"type-product","3":"status-publish","4":"has-post-thumbnail","6":"product_cat-tapabocas-mascarillas","8":"first","9":"outofstock","10":"shipping-taxable","11":"product-type-simple"},"_links":{"self":[{"href":"https:\/\/dotacionesrico.com\/index.php?rest_route=\/wp\/v2\/product\/2695","targetHints":{"allow":["GET"]}}],"collection":[{"href":"https:\/\/dotacionesrico.com\/index.php?rest_route=\/wp\/v2\/product"}],"about":[{"href":"https:\/\/dotacionesrico.com\/index.php?rest_route=\/wp\/v2\/types\/product"}],"replies":[{"embeddable":true,"href":"https:\/\/dotacionesrico.com\/index.php?rest_route=%2Fwp%2Fv2%2Fcomments&post=2695"}],"wp:featuredmedia":[{"embeddable":true,"href":"https:\/\/dotacionesrico.com\/index.php?rest_route=\/wp\/v2\/media\/2696"}],"wp:attachment":[{"href":"https:\/\/dotacionesrico.com\/index.php?rest_route=%2Fwp%2Fv2%2Fmedia&parent=2695"}],"wp:term":[{"taxonomy":"product_brand","embeddable":true,"href":"https:\/\/dotacionesrico.com\/index.php?rest_route=%2Fwp%2Fv2%2Fproduct_brand&post=2695"},{"taxonomy":"product_cat","embeddable":true,"href":"https:\/\/dotacionesrico.com\/index.php?rest_route=%2Fwp%2Fv2%2Fproduct_cat&post=2695"},{"taxonomy":"product_tag","embeddable":true,"href":"https:\/\/dotacionesrico.com\/index.php?rest_route=%2Fwp%2Fv2%2Fproduct_tag&post=2695"}],"curies":[{"name":"wp","href":"https:\/\/api.w.org\/{rel}","templated":true}]}}