{"id":2509,"date":"2018-02-09T03:51:23","date_gmt":"2018-02-09T03:51:23","guid":{"rendered":"https:\/\/dotacionesrico.com\/?post_type=product&#038;p=2509"},"modified":"2018-02-09T03:51:23","modified_gmt":"2018-02-09T03:51:23","slug":"casco-bunker-dielectrico-armadura","status":"publish","type":"product","link":"https:\/\/dotacionesrico.com\/?product=casco-bunker-dielectrico-armadura","title":{"rendered":"Casco Bunker dielectrico Armadura"},"content":{"rendered":"<p>El Casco Bunker es un elemento de protecci\u00f3n para trabajos en alturas; Liviano y diel\u00e9ctrico, el cual posee ala enteriza para protecci\u00f3n solar, ideal para trabajos donde el usuario este expuesto a la luz solar directa o zonas muy lluviosas, maneja tafilete 4 apoyos en nylon, adem\u00e1s permite el uso del Barbuquejo de m\u00e1ximo 3 puntos.<\/p>\n","protected":false},"excerpt":{"rendered":"<p>Elemento parte de un sistema de protecci\u00f3n para la cabeza tipo 1 y clase E, certificado con los lineamientos de la norma ANSI Z89.1 (2014) fabricado con:<\/p>\n<p>\u2022 Polipropileno P. P 08 de alta densidad.<br \/>\n\u2022 4 puntos de apoyo para tafilete en los cuales ser\u00e1 distribuida la fuerza de impacto.<br \/>\n\u2022 Resistencia a 20.000 V (Voltios), lo que lo hace diel\u00e9ctrico.<br \/>\n\u2022 3 orificios para conexi\u00f3n del barbuquejo de hasta 3 puntos.<br \/>\n\u2022 Cascos con sistema de tafilete en Rachet A-1300RC o en Cremallera A-1300<\/p>\n","protected":false},"featured_media":2510,"comment_status":"open","ping_status":"closed","template":"","meta":[],"product_brand":[],"product_cat":[228],"product_tag":[],"class_list":{"0":"post-2509","1":"product","2":"type-product","3":"status-publish","4":"has-post-thumbnail","6":"product_cat-proteccion-para-la-cabeza","7":"yith_product_brand-armadura","9":"first","10":"instock","11":"shipping-taxable","12":"product-type-simple"},"_links":{"self":[{"href":"https:\/\/dotacionesrico.com\/index.php?rest_route=\/wp\/v2\/product\/2509","targetHints":{"allow":["GET"]}}],"collection":[{"href":"https:\/\/dotacionesrico.com\/index.php?rest_route=\/wp\/v2\/product"}],"about":[{"href":"https:\/\/dotacionesrico.com\/index.php?rest_route=\/wp\/v2\/types\/product"}],"replies":[{"embeddable":true,"href":"https:\/\/dotacionesrico.com\/index.php?rest_route=%2Fwp%2Fv2%2Fcomments&post=2509"}],"wp:featuredmedia":[{"embeddable":true,"href":"https:\/\/dotacionesrico.com\/index.php?rest_route=\/wp\/v2\/media\/2510"}],"wp:attachment":[{"href":"https:\/\/dotacionesrico.com\/index.php?rest_route=%2Fwp%2Fv2%2Fmedia&parent=2509"}],"wp:term":[{"taxonomy":"product_brand","embeddable":true,"href":"https:\/\/dotacionesrico.com\/index.php?rest_route=%2Fwp%2Fv2%2Fproduct_brand&post=2509"},{"taxonomy":"product_cat","embeddable":true,"href":"https:\/\/dotacionesrico.com\/index.php?rest_route=%2Fwp%2Fv2%2Fproduct_cat&post=2509"},{"taxonomy":"product_tag","embeddable":true,"href":"https:\/\/dotacionesrico.com\/index.php?rest_route=%2Fwp%2Fv2%2Fproduct_tag&post=2509"}],"curies":[{"name":"wp","href":"https:\/\/api.w.org\/{rel}","templated":true}]}}